ivative of h**4/12 + 7*h**3/6 - 30*h**2. Calculate the remainder when 52 is divided by v(1).
7
Let d = -7 - -24. Suppose 0 = -3*z + 59 - d. Calculate the remainder when 55 is divided by z.
13
Let a(h) = -2*h**2 - 23*h + 62. Calculate the remainder when 248 is divided by a(-12).
48
Let h be ((3 + 0)/(-3))/(-1). What is the remainder when 7 is divided by -2 - -4 - 5 - (h + -8)?
3
Let n(v) = 7*v**2 - 6*v - 8. Let f be n(-2). Let s = f + -27. What is the remainder when 5 is divided by s?
0
Let q be ((-2)/((-8)/(-227)))/((-2)/8). Suppose q = 4*j + j - m, 0 = 5*m + 10. Calculate the remainder when j is divided by 16.
13
Let l = -5 + 20. Suppose 15 = 5*o, -3*o - 140 = -3*k + 70. Calculate the remainder when k is divided by l.
13
Let i(y) = y**3 - 15*y**2 - 17*y + 21. Let k be 4 + 0 - 7 - -19. What is the remainder when 19 is divided by i(k)?
4
Let l(k) = 2*k + 8. Let b = -10 - -3. Let j be l(b). Calculate the remainder when 29 is divided by j*(1 - 14/6).
5
Let z(o) = 7 - 15 + 3 + 3 - 14*o. Let l be z(-6). Let j = -39 + l. Calculate the remainder when j is divided by 11.
10
Suppose -4*s = -5*x - 5651, -x - 2821 = 6*s - 8*s. Calculate the remainder when s is divided by 15.
14
Suppose -d + 3*j + 31 = 0, 4*d + 3*j - 61 = 3*d. Let f = -37 + d. What is the remainder when 22 is divided by f?
4
Suppose -259 = -4*c + 129. What is the remainder when 202 is divided by c?
8
Suppose 10*o - 5*o = 15. Suppose 0 = o*p - 7*p + 88. Calculate the remainder when 41 is divided by p.
19
Suppose 6*n = -0*n - 5*f + 468, -2*n - 2*f = -156. What is the remainder when n is divided by 35 + -4 + (0 - 0)?
16
Let b = 3 - 1. Suppose -b*n + 5*n - d - 3 = 0, -d - 5 = -4*n. Let v = n - -4. What is the remainder when 22 is divided by v?
4
Let i(p) = 4*p**2 - 12*p. Calculate the remainder when i(-7) is divided by 130.
20
Let j = -1516 + 1542. Suppose 3*s - 21 = -0*b - b, -5*b = -2*s + 31. Let k = 6 + s. What is the remainder when j is divided by k?
12
Let m(b) = 19*b**2 + 7*b + 4. Let j be m(4). Let s = j + -187. What is the remainder when s is divided by 15?
14
What is the remainder when (-2 + 4)*1078/28 is divided by 28?
21
Suppose 2*d + 0*d + 2*d = 0. Suppose d*x - 96 = -4*x. What is the remainder when 44 is divided by x?
20
Calculate the remainder when 187 is divided by ((-54)/(-30))/(9/480).
91
Let o(r) = 5*r + 4. Let g be o(-4). Let d = 1 + -26. Let i = g - d. What is the remainder when 34 is divided by i?
7
Let u(h) = h**2 - 2*h - 3. Let d be u(9). Let x = d + -25. Calculate the remainder when 137 is divided by x.
32
Suppose 0 = 4*h - 57 - 143. Calculate the remainder when h is divided by 17.
16
Let x = 4 + -2. Let s(z) = -23*z + 123. What is the remainder when 30*(2 + (-3)/x) is divided by s(5)?
7
Suppose -5*d - 245 = -12*d. What is the remainder when 61 is divided by d?
26
Let o(k) = 9*k + 62. What is the remainder when o(-4) is divided by 15?
11
Let q = -31 + 36. What is the remainder when 24/(-9)*q/2*-6 is divided by 23?
17
Suppose g = 2*y - 78, 4*y - 6*y = g - 86. Calculate the remainder when 654 is divided by y.
39
Let n be -4*(-5 + (-333)/(-12)). Let y = 144 + n. What is the remainder when y is divided by 8?
5
Let r = 3 + 42. Suppose -5*n + r = -0*n. Suppose 3*o - n*o = -108. Calculate the remainder when 33 is divided by o.
15
Let c = 3896 - 3791. Calculate the remainder when c is divided by 12 - (2 - (-4)/(-2)).
9
Suppose 4*x - 212 = 4*m, 3*m - 7*m + 16 = 0. What is the remainder when 453 is divided by x?
54
Suppose -2*i = 5*y - 6, -2*i + 6 = -6*y + 2*y. Calculate the remainder when 6 is divided by i.
0
Let z = 64 - 35. Let s = 14 + z. Calculate the remainder when 127 is divided by s.
41
Let f(b) = b**2 - 12*b. Let u be f(12). Suppose -a + u = -5. Suppose o - a = 5. Calculate the remainder when o is divided by 3.
1
Let b(i) = i - 1. Let h be b(3). Let n(y) be the first derivative of y**3 - y**2/2 - y - 2. Calculate the remainder when n(h) is divided by 3.
0
Let i = -105 + 71. Let q = i + 57. What is the remainder when q is divided by 13?
10
Suppose 454 = 9*r + 373. What is the remainder when 197 is divided by r?
8
Let m = 53 - 33. Let y be (-698)/(-4) + (-9)/18. Suppose y = -0*o + 3*o. Calculate the remainder when o is divided by m.
18
Suppose -o = 2*t - 6, -4*t = 3*o + t - 18. Let l = o - -6. Let c = -10 + l. Calculate the remainder when 9 is divided by c.
1
Let i(n) = n**2 - 2. Let q = 12 - 10. Let p be i(q). Suppose p*x - 46 = 2*y, -3*x + 88 = y + 31. Calculate the remainder when x is divided by 11.
9
Let f = 33 + -17. Let d be -5 + (-10)/4*-2 + -2. What is the remainder when 8 is divided by f/20*(-15)/d?
2
Let c(l) = l**3 + 10*l**2 - 11*l + 2. Let o be c(-11). Let a(f) = 14*f + 2. What is the remainder when a(o) is divided by (0 - (-16)/10)*10?
14
Let v = -11539 + 11543. Calculate the remainder when 4*3*(-6)/(-4) is divided by v.
2
Let u = 12 + -11. Suppose 1 = 2*c - u. Calculate the remainder when (-64)/(-6) - c/(-3) is divided by 6.
5
Let i(q) = q**2 - 6*q - 3. Calculate the remainder when 63 is divided by i(8).
11
Suppose 3*l - 4*n - 17 = 0, -5*l + 12 = -7*l - 2*n. Suppose 0 = 5*j - 51 - 84. Calculate the remainder when (78/(-8))/(2*l/16) is divided by j.
24
Let m be 3*(-4 + 1 + 4). Suppose 0 = -p - m*p - 24. Calculate the remainder when ((-6)/(-4))/(p/(-80)) is divided by 7.
6
Suppose -4*n + 0 = -2*g - 120, g + 57 = 5*n. Let l = -47 - g. Calculate the remainder when 26 is divided by l.
11
Suppose 3*y + 13 = 5*p - 67, -44 = -p - 5*y. What is the remainder when 776 is divided by p?
16
Let x be (-6 - -2) + 7 + 2. Suppose -3*d - 7 = x. Let l = 9 + d. What is the remainder when 23 is divided by l?
3
Let k = -11 - -15. Suppose k*y = 23 + 17. Calculate the remainder when 62 is divided by ((-32)/y)/(9/(-45)).
14
Let o(k) = 8*k + 10. Let l be o(1). What is the remainder when 21*(-3*16/l)/(-1) is divided by 31?
25
Suppose -5*o = -37 - 33. Let j(s) = s**2 - 13*s + 9. What is the remainder when 85 is divided by j(o)?
16
Let m be (-9954)/27 - (-2)/(-6). Calculate the remainder when (-9)/15 + m/(-15) is divided by 5.
4
Suppose -4*u + 24 = 2*l, 3*l + 5*u = 30 + 4. Let h = 1752 - 1723. Calculate the remainder when h is divided by l.
5
Suppose r = 3*t + 181, -t = -6*t + 10. Calculate the remainder when r is divided by 6.
1
Suppose -i + 945 + 871 = 4*m, -3*i - 1347 = -3*m. Calculate the remainder when m is divided by 35.
33
Suppose 4*s - 2*s = 10. What is the remainder when 41 is divided by s?
1
Let a be 1*-2*(-32)/(-2). Let d be a/(-15) + 6/(-45). Suppose -4*b = -o - d*b + 3, 0 = -o - 4*b - 3. What is the remainder when 3 is divided by o?
0
Calculate the remainder when -1 + 2 + 1 + 12 is divided by (-58)/(-10) - 63/(-315).
2
Suppose -4*o = -5*q - 40, -3*o - 10*q = -7*q - 57. Let u be (-5)/((-5)/36) + 0. Suppose u = 3*a + a. What is the remainder when o is divided by a?
6
Let i(r) = -265*r - 1047. Calculate the remainder when 297/6 + 1/(-2) is divided by i(-4).
10
Let w(x) = 3*x**3 + 9 - 3*x - 5 - 4*x**2 - 4*x**3. Suppose 15 = f + 3*z, 2*f - 3*z + 3 = f. Calculate the remainder when f is divided by w(-3).
2
Let q = -9 - -17. Let x(p) be the second derivative of p**5/20 + 7*p**4/12 + 3*p**3/2 + 9*p**2/2 - 4*p. Calculate the remainder when x(-4) is divided by q.
5
Let f = -163 - -197. Let z = 339 - 206. Calculate the remainder when z is divided by f.
31
Suppose -13 + 30 = h + 3*j, 70 = 2*h - 3*j. Calculate the remainder when 141 is divided by h.
25
Let x(p) = p**3 - 3*p**2 + p + 7. What is the remainder when 349 is divided by x(4)?
25
Suppose 4*t + 520 = 3*l, -4*l - 5*t + 745 = -0*l. Suppose -13*j = -8*j - l. Let i(x) = -x**2 - 8*x + 7. Calculate the remainder when j is divided by i(-6).
17
Suppose v + o - 7 = -2, -3*v = -3*o - 21. Suppose -v*z + 3*z = 9, 4*m - 18 = 2*z. Let q = -5 - -7. Calculate the remainder when m is divided by q.
1
Let f = -4 - -44. Suppose 0 = -5*y + f + 25. Let i = -558 - -582. Calculate the remainder when i is divided by y.
11
Let o(r) = -r**3 + 27*r**2 + 29*r - 13. Let u be o(28). Suppose 3*g - u = 18. Calculate the remainder when 30 is divided by g.
8
Let j = -642 + 660. Calculate the remainder when 33 is divided by j.
15
Let t = -5 - -44. Let y = t - 5. Let k = 5209 - 5200. What is the remainder when y is divided by k?
7
Calculate the remainder when 5